{"id":2,"date":"2020-02-25T15:02:42","date_gmt":"2020-02-25T15:02:42","guid":{"rendered":"https:\/\/www.matoke.org\/?page_id=2"},"modified":"2022-12-07T10:05:19","modified_gmt":"2022-12-07T10:05:19","slug":"home","status":"publish","type":"page","link":"https:\/\/www.matoke.org\/","title":{"rendered":"Home"},"content":{"rendered":"\n<h1 class=\"has-text-align-center wp-block-heading\">Erfolg beginnt in den fr\u00fchen Lebensphasen.<\/h1>\n\n\n\n<h5 class=\"has-text-align-center wp-block-heading\">Matoke ist ein deutscher gemeinn\u00fctziger Verein mit dem Ziel, Kinder im Distrikt Mukono in Uganda mit Bildung, sauberem Wasser, Lebensmitteln und anderen kleinen Grundbed\u00fcrfnissen zu unterst\u00fctzen. Im Moment unterst\u00fctzen wir die Mukisa-Grundschule in Kiyunga, Distrikt Mukono, mit Unterrichtsbausteinen, Wasserpumpe, Schulgeb\u00fchren f\u00fcr die Kinder und t\u00e4glichen Mahlzeiten.<\/h5>\n\n\n\n<p class=\"has-text-align-center\">Mit diesen Seiten m\u00f6chten wir Sie ermutigen, unsere Sache zu unterst\u00fctzen, damit wir weiterhin nachhaltig in Uganda helfen k\u00f6nnen.<\/p>\n\n\n\n<p><\/p>\n\n\n\n<div class=\"wp-block-button aligncenter is-style-fill\"><a class=\"wp-block-button__link has-vivid-red-background-color has-background wp-element-button\" href=\"https:\/\/www.matoke.org\/index.php\/unterstutzen\/\" style=\"border-radius:10px\">  Spenden  <\/a><\/div>\n","protected":false},"excerpt":{"rendered":"<p>Erfolg beginnt in den fr\u00fchen Lebensphasen. Matoke ist ein deutscher gemeinn\u00fctziger Verein mit dem Ziel, Kinder im Distrikt Mukono in Uganda mit Bildung, sauberem Wasser, Lebensmitteln und anderen kleinen Grundbed\u00fcrfnissen [&hellip;]<\/p>\n","protected":false},"author":1,"featured_media":646,"parent":0,"menu_order":0,"comment_status":"closed","ping_status":"closed","template":"page-templates\/fullwidth.php","meta":[],"_links":{"self":[{"href":"https:\/\/www.matoke.org\/index.php\/wp-json\/wp\/v2\/pages\/2"}],"collection":[{"href":"https:\/\/www.matoke.org\/index.php\/wp-json\/wp\/v2\/pages"}],"about":[{"href":"https:\/\/www.matoke.org\/index.php\/wp-json\/wp\/v2\/types\/page"}],"author":[{"embeddable":true,"href":"https:\/\/www.matoke.org\/index.php\/wp-json\/wp\/v2\/users\/1"}],"replies":[{"embeddable":true,"href":"https:\/\/www.matoke.org\/index.php\/wp-json\/wp\/v2\/comments?post=2"}],"version-history":[{"count":17,"href":"https:\/\/www.matoke.org\/index.php\/wp-json\/wp\/v2\/pages\/2\/revisions"}],"predecessor-version":[{"id":1132,"href":"https:\/\/www.matoke.org\/index.php\/wp-json\/wp\/v2\/pages\/2\/revisions\/1132"}],"wp:featuredmedia":[{"embeddable":true,"href":"https:\/\/www.matoke.org\/index.php\/wp-json\/wp\/v2\/media\/646"}],"wp:attachment":[{"href":"https:\/\/www.matoke.org\/index.php\/wp-json\/wp\/v2\/media?parent=2"}],"curies":[{"name":"wp","href":"https:\/\/api.w.org\/{rel}","templated":true}]}}